{"id":29563,"date":"2025-05-28T11:47:35","date_gmt":"2025-05-28T09:47:35","guid":{"rendered":"https:\/\/balson.ch\/wordpress\/?post_type=product&#038;p=29563"},"modified":"2025-10-01T08:35:36","modified_gmt":"2025-10-01T06:35:36","slug":"oelpumpe","status":"publish","type":"product","link":"https:\/\/balson.ch\/wordpress\/product\/oelpumpe\/","title":{"rendered":"Oelpumpe"},"content":{"rendered":"<p>Um eine lange Zeit Freude an Ihrer Maschine zu haben, muss diese korrekt<br \/>\ngewartet werden, insbesondere m\u00fcssen die Zylinder gut geschmiert werden.<\/p>\n<p>Mit dieser \u00d6lpumpe haben Sie ein langj\u00e4hrig bew\u00e4hrtes Produkt, welches sich auf<br \/>\nvielen Parkbahnlokomotiven und Dampfbooten bestens bew\u00e4hrt hat.<\/p>\n<p>Abmessungen:<br \/>\nL x B x H<br \/>\n80x60x88<\/p>\n<p>(in verschiedenen Gr\u00f6ssen erh\u00e4ltlich)<\/p>\n<p>H\u00f6he 88, 108, 117 &amp; 128mm<\/p>\n<p>Technische Details:<\/p>\n<ul>\n<li>Leitungsanschluss 5mm<\/li>\n<li>geh\u00e4rtete abgedichtete Antriebswelle mit zwei Freil\u00e4ufen<\/li>\n<li>zwei integrierte R\u00fcckschlagventile<\/li>\n<\/ul>\n","protected":false},"excerpt":{"rendered":"<p>Um eine lange Zeit Freude an Ihrer Maschine zu haben, muss diese korrekt<br \/>\ngewartet werden, insbesondere m\u00fcssen die Zylinder gut geschmiert werden.<\/p>\n<p>Mit dieser \u00d6lpumpe haben Sie ein langj\u00e4hrig bew\u00e4hrtes Produkt, welches sich auf<br \/>\nvielen Parkbahnlokomotiven und Dampfbooten bestens bew\u00e4hrt hat.<\/p>\n<p>Abmessungen:<br \/>\nL x B x H<br \/>\n80x60x88<\/p>\n<p>(in verschiedenen Gr\u00f6ssen erh\u00e4ltlich)<\/p>\n<p>H\u00f6he 88, 108, 117 &amp; 128mm<\/p>\n<p>Technische Details:<\/p>\n<ul>\n<li>Leitungsanschluss 5mm<\/li>\n<li>geh\u00e4rtete abgedichtete Antriebswelle mit zwei Freil\u00e4ufen<\/li>\n<li>zwei integrierte R\u00fcckschlagventile<\/li>\n<\/ul>\n","protected":false},"featured_media":29565,"comment_status":"closed","ping_status":"closed","template":"","meta":{"_acf_changed":false},"product_brand":[],"product_cat":[67],"product_tag":[],"class_list":{"0":"post-29563","1":"product","2":"type-product","3":"status-publish","4":"has-post-thumbnail","6":"product_cat-armaturen","8":"first","9":"instock","10":"taxable","11":"shipping-taxable","12":"purchasable","13":"product-type-simple"},"acf":[],"mb":[],"mfb_rest_fields":["title"],"_links":{"self":[{"href":"https:\/\/balson.ch\/wordpress\/wp-json\/wp\/v2\/product\/29563","targetHints":{"allow":["GET"]}}],"collection":[{"href":"https:\/\/balson.ch\/wordpress\/wp-json\/wp\/v2\/product"}],"about":[{"href":"https:\/\/balson.ch\/wordpress\/wp-json\/wp\/v2\/types\/product"}],"replies":[{"embeddable":true,"href":"https:\/\/balson.ch\/wordpress\/wp-json\/wp\/v2\/comments?post=29563"}],"wp:featuredmedia":[{"embeddable":true,"href":"https:\/\/balson.ch\/wordpress\/wp-json\/wp\/v2\/media\/29565"}],"wp:attachment":[{"href":"https:\/\/balson.ch\/wordpress\/wp-json\/wp\/v2\/media?parent=29563"}],"wp:term":[{"taxonomy":"product_brand","embeddable":true,"href":"https:\/\/balson.ch\/wordpress\/wp-json\/wp\/v2\/product_brand?post=29563"},{"taxonomy":"product_cat","embeddable":true,"href":"https:\/\/balson.ch\/wordpress\/wp-json\/wp\/v2\/product_cat?post=29563"},{"taxonomy":"product_tag","embeddable":true,"href":"https:\/\/balson.ch\/wordpress\/wp-json\/wp\/v2\/product_tag?post=29563"}],"curies":[{"name":"wp","href":"https:\/\/api.w.org\/{rel}","templated":true}]}}