{"id":30607,"date":"2024-04-10T16:30:19","date_gmt":"2024-04-10T14:30:19","guid":{"rendered":"https:\/\/balson.ch\/wordpress\/?post_type=product&#038;p=30607"},"modified":"2025-10-01T10:00:05","modified_gmt":"2025-10-01T08:00:05","slug":"7-1-4-zoll-achse","status":"publish","type":"product","link":"https:\/\/balson.ch\/wordpress\/product\/7-1-4-zoll-achse\/","title":{"rendered":"7 1\/4 Zoll Achse"},"content":{"rendered":"<p><a href=\"https:\/\/balson.ch\/wordpress\/\/wp-content\/uploads\/2025\/05\/Achse-22-017-Zeichnung-1.png\" data-src=\"https:\/\/balson.ch\/wordpress\/\/wp-content\/uploads\/2025\/05\/Achse-22-017-Zeichnung-1.png\" data-thumb=\"https:\/\/balson.ch\/wordpress\/\/wp-content\/uploads\/2025\/05\/Achse-22-017-Zeichnung-1.png\" class=\"ml-lightbox-enabled\"><img loading=\"lazy\" decoding=\"async\" class=\"alignnone size-full wp-image-30609\" src=\"https:\/\/balson.ch\/wordpress\/\/wp-content\/uploads\/2025\/05\/Achse-22-017-Zeichnung-1.png\" alt=\"\" width=\"1002\" height=\"913\" srcset=\"https:\/\/balson.ch\/wordpress\/wp-content\/uploads\/2025\/05\/Achse-22-017-Zeichnung-1.png 1002w, https:\/\/balson.ch\/wordpress\/wp-content\/uploads\/2025\/05\/Achse-22-017-Zeichnung-1-300x273.png 300w, https:\/\/balson.ch\/wordpress\/wp-content\/uploads\/2025\/05\/Achse-22-017-Zeichnung-1-768x700.png 768w, https:\/\/balson.ch\/wordpress\/wp-content\/uploads\/2025\/05\/Achse-22-017-Zeichnung-1-600x547.png 600w, https:\/\/balson.ch\/wordpress\/wp-content\/uploads\/2025\/05\/Achse-22-017-Zeichnung-1-64x58.png 64w\" sizes=\"auto, (max-width: 1002px) 100vw, 1002px\" \/><\/a><\/p>\n<p>Technische Daten:<\/p>\n<p>D: 90mm\u00a0\u00a0\u00a0\u00a0\u00a0\u00a0 SP: 182mm<br \/>\nB: 171mm\u00a0\u00a0\u00a0\u00a0\u00a0\u00a0\u00a0 N: 20,5 mm<br \/>\nA: 12mm\u00a0\u00a0\u00a0\u00a0\u00a0\u00a0\u00a0\u00a0\u00a0 L: 31mm<br \/>\nN: 20mm\u00a0\u00a0\u00a0\u00a0\u00a0 AL: 254mm<\/p>\n<p>&nbsp;<\/p>\n<p>&nbsp;<\/p>\n","protected":false},"excerpt":{"rendered":"<p>Diese Achsen sind nicht nur technisch ausgereift und robust, sondern haben sich \u00fcber viele Jahre hinweg in unterschiedlichsten Anwendungen als zuverl\u00e4ssige Basis f\u00fcr den Wagenbau erwiesen. Ob f\u00fcr Personenwagen, G\u00fcterwagen oder Spezialprojekte \u2013 mit diesen Achsen schaffen Sie das perfekte Fundament f\u00fcr Ihren Fuhrpark.<\/p>\n<p>Jedes Rad ist mit zwei robusten Kugellagern ausgestattet, was bei engen Kurvenradien einen leichteren Lauf ergibt. Mit der Konstruktion der frei drehenden R\u00e4der auf der Achse, ist es m\u00f6glich kleine modellm\u00e4ssige Achslagerboxen zu bauen oder auch nur simple Lagergeh\u00e4use mit einer 12mm Bohrung ohne Kugellagersitz zu verwenden.<\/p>\n","protected":false},"featured_media":30616,"comment_status":"closed","ping_status":"closed","template":"","meta":{"_acf_changed":false},"product_brand":[],"product_cat":[39,41],"product_tag":[],"class_list":{"0":"post-30607","1":"product","2":"type-product","3":"status-publish","4":"has-post-thumbnail","6":"product_cat-bauteile","7":"product_cat-unkategorisiert","9":"first","10":"instock","11":"taxable","12":"shipping-taxable","13":"purchasable","14":"product-type-simple"},"acf":[],"mb":[],"mfb_rest_fields":["title"],"_links":{"self":[{"href":"https:\/\/balson.ch\/wordpress\/wp-json\/wp\/v2\/product\/30607","targetHints":{"allow":["GET"]}}],"collection":[{"href":"https:\/\/balson.ch\/wordpress\/wp-json\/wp\/v2\/product"}],"about":[{"href":"https:\/\/balson.ch\/wordpress\/wp-json\/wp\/v2\/types\/product"}],"replies":[{"embeddable":true,"href":"https:\/\/balson.ch\/wordpress\/wp-json\/wp\/v2\/comments?post=30607"}],"wp:featuredmedia":[{"embeddable":true,"href":"https:\/\/balson.ch\/wordpress\/wp-json\/wp\/v2\/media\/30616"}],"wp:attachment":[{"href":"https:\/\/balson.ch\/wordpress\/wp-json\/wp\/v2\/media?parent=30607"}],"wp:term":[{"taxonomy":"product_brand","embeddable":true,"href":"https:\/\/balson.ch\/wordpress\/wp-json\/wp\/v2\/product_brand?post=30607"},{"taxonomy":"product_cat","embeddable":true,"href":"https:\/\/balson.ch\/wordpress\/wp-json\/wp\/v2\/product_cat?post=30607"},{"taxonomy":"product_tag","embeddable":true,"href":"https:\/\/balson.ch\/wordpress\/wp-json\/wp\/v2\/product_tag?post=30607"}],"curies":[{"name":"wp","href":"https:\/\/api.w.org\/{rel}","templated":true}]}}